 the prime factors of 12343.
12343
List the prime factors of 61.
61
List the prime factors of 43439.
11, 359
What are the prime factors of 40625?
5, 13
List the prime factors of 630.
2, 3, 5, 7
List the prime factors of 8263.
8263
List the prime factors of 978.
2, 3, 163
What are the prime factors of 2259?
3, 251
What are the prime factors of 2658?
2, 3, 443
List the prime factors of 3972.
2, 3, 331
What are the prime factors of 81628?
2, 20407
List the prime factors of 26939.
11, 31, 79
List the prime factors of 1478.
2, 739
List the prime factors of 14181.
3, 29, 163
List the prime factors of 35917.
7, 733
List the prime factors of 1994.
2, 997
What are the prime factors of 39637?
13, 3049
What are the prime factors of 13488?
2, 3, 281
List the prime factors of 1104.
2, 3, 23
What are the prime factors of 24?
2, 3
What are the prime factors of 3432?
2, 3, 11, 13
List the prime factors of 23533.
101, 233
List the prime factors of 43.
43
List the prime factors of 54611.
97, 563
What are the prime factors of 538?
2, 269
What are the prime factors of 1374?
2, 3, 229
What are the prime factors of 7981?
23, 347
List the prime factors of 3810.
2, 3, 5, 127
What are the prime factors of 25268?
2, 6317
What are the prime factors of 58853?
229, 257
What are the prime factors of 126?
2, 3, 7
What are the prime factors of 75780?
2, 3, 5, 421
List the prime factors of 2824.
2, 353
List the prime factors of 19611.
3, 2179
What are the prime factors of 2939?
2939
List the prime factors of 56744.
2, 41, 173
What are the prime factors of 324?
2, 3
List the prime factors of 4983.
3, 11, 151
List the prime factors of 2134.
2, 11, 97
List the prime factors of 26912.
2, 29
List the prime factors of 2167.
11, 197
What are the prime factors of 774?
2, 3, 43
What are the prime factors of 24267?
3, 8089
What are the prime factors of 125381?
19, 6599
What are the prime factors of 757?
757
List the prime factors of 99491.
7, 61, 233
What are the prime factors of 604?
2, 151
What are the prime factors of 9367?
17, 19, 29
What are the prime factors of 620?
2, 5, 31
List the prime factors of 8781.
3, 2927
List the prime factors of 1229.
1229
List the prime factors of 1213.
1213
List the prime factors of 731.
17, 43
List the prime factors of 535.
5, 107
What are the prime factors of 295?
5, 59
What are the prime factors of 151380?
2, 3, 5, 29
List the prime factors of 5657.
5657
What are the prime factors of 25?
5
List the prime factors of 3280.
2, 5, 41
List the prime factors of 1117.
1117
List the prime factors of 26755.
5, 5351
What are the prime factors of 5407?
5407
What are the prime factors of 681?
3, 227
List the prime factors of 4041.
3, 449
List the prime factors of 13025.
5, 521
What are the prime factors of 25474?
2, 47, 271
List the prime factors of 6596.
2, 17, 97
What are the prime factors of 4874?
2, 2437
What are the prime factors of 786?
2, 3, 131
List the prime factors of 1185.
3, 5, 79
List the prime factors of 74612.
2, 23, 811
List the prime factors of 3174.
2, 3, 23
What are the prime factors of 32091?
3, 19, 563
What are the prime factors of 10971?
3, 23, 53
What are the prime factors of 4730?
2, 5, 11, 43
What are the prime factors of 83865?
3, 5, 5591
What are the prime factors of 1136?
2, 71
List the prime factors of 18159.
3, 6053
List the prime factors of 49622.
2, 43, 577
What are the prime factors of 1210?
2, 5, 11
List the prime factors of 17098.
2, 83, 103
What are the prime factors of 1353?
3, 11, 41
List the prime factors of 68.
2, 17
What are the prime factors of 16396?
2, 4099
List the prime factors of 27403.
67, 409
What are the prime factors of 226?
2, 113
List the prime factors of 7382.
2, 3691
List the prime factors of 20603.
11, 1873
List the prime factors of 1711.
29, 59
List the prime factors of 10515.
3, 5, 701
What are the prime factors of 66631?
23, 2897
What are the prime factors of 10214?
2, 5107
List the prime factors of 10190.
2, 5, 1019
List the prime factors of 848.
2, 53
What are the prime factors of 1668?
2, 3, 139
What are the prime factors of 3554?
2, 1777
List the prime factors of 35603.
35603
List the prime factors of 57998.
2, 47, 617
What are the prime factors of 111955?
5, 22391
List the prime factors of 9798.
2, 3, 23, 71
What are the prime factors of 824?
2, 103
What are the prime factors of 27336?
2, 3, 17, 67
List the prime factors of 3415.
5, 683
List the prime factors of 29904.
2, 3, 7, 89
List the prime factors of 202.
2, 101
What are the prime factors of 1086?
2, 3, 181
What are the prime factors of 14646?
2, 3, 2441
List the prime factors of 47002.
2, 71, 331
What are the prime factors of 45189?
3, 5021
What are the prime factors of 89428?
2, 79, 283
List the prime factors of 11218.
2, 71, 79
List the prime factors of 5016.
2, 3, 11, 19
List the prime factors of 2224.
2, 139
What are the prime factors of 6931?
29, 239
List the prime factors of 56547.
3, 61, 103
What are the prime factors of 50267?
7, 43, 167
List the prime factors of 244.
2, 61
List the prime factors of 554.
2, 277
What are the prime factors of 14518?
2, 7, 17, 61
List the prime factors of 2030.
2, 5, 7, 29
List the prime factors of 194.
2, 97
What are the prime factors of 2078?
2, 1039
What are the prime factors of 29573?
29573
What are the prime factors of 15359?
15359
List the prime factors of 42759.
3, 4751
What are the prime factors of 1186?
2, 593
List the prime factors of 8757.
3, 7, 139
What are the prime factors of 4442?
2, 2221
What are the prime factors of 993?
3, 331
List the prime factors of 5223.
3, 1741
What are the prime factors of 9577?
61, 157
What are the prime factors of 1331?
11
What are the prime factors of 23812?
2, 5953
What are the prime factors of 38260?
2, 5, 1913
What are the prime factors of 111746?
2, 59, 947
What are the prime factors of 15692?
2, 3923
List the prime factors of 108586.
2, 54293
What are the prime factors of 4647?
3, 1549
What are the prime factors of 3468?
2, 3, 17
List the prime factors of 5.
5
What are the prime factors of 61668?
2, 3, 571
List the prime factors of 670.
2, 5, 67
What are the prime factors of 52587?
3, 5843
What are the prime factors of 233?
233
What are the prime factors of 18749?
18749
List the prime factors of 58799.
13, 4523
List the prime factors of 8676.
2, 3, 241
List the prime factors of 19156.
2, 4789
List the prime factors of 1021.
1021
List the prime factors of 5828.
2, 31, 47
List the prime factors of 706.
2, 353
List the prime factors of 109959.
3, 36653
What are the prime factors of 2904?
2, 3, 11
What are the prime factors of 10298?
2, 19, 271
What are the prime factors of 625?
5
What are the prime factors of 1017?
3, 113
List the prime factors of 75030.
2, 3, 5, 41, 61
What are the prime factors of 704?
2, 11
List the prime factors of 8074.
2, 11, 367
List the prime factors of 7227.
3, 11, 73
What are the prime factors of 76971?
3, 25657
List the prime factors of 4175.
5, 167
List the prime factors of 817.
19, 43
What are the prime factors of 30777?
3, 10259
What are the prime factors of 271?
271
List the prime factors of 2631.
3, 877
What are the prime factors of 1481?
1481
What are the prime factors of 12057?
3, 4019
List the prime factors of 4894.
2, 2447
What are the prime factors of 1038?
2, 3, 173
What are the prime factors of 15543?
3, 11, 157
What are the prime factors of 16836?
2, 3, 23, 61
List the prime factors of 8598.
2, 3, 1433
List the prime factors of 5934.
2, 3, 23, 43
List the prime factors of 167.
167
List the prime factors of 2555.
5, 7, 73
What are the prime factors of 5109?
3, 13, 131
What are the prime factors of 1010?
2, 5, 101
What are the prime factors of 1650?
2, 3, 5, 11
List the prime factors of 3102.
2, 3, 11, 47
What are the prime factors of 5914?
2, 2957
What are the prime factors of 24146?
2, 12073
What are the prime factors of 22609?
23, 983
What are the prime factors of 103827?
3, 53, 653
What are the prime factors of 34121?
149, 229
List the prime factors of 1235.
5, 13, 19
What are the prime factors of 165?
3, 5, 11
List the prime factors of 9283.
9283
List the prime factors of 2080.
2, 5, 13
What are the prime factors of 72?
2, 3
List the prime factors of 1038.
2, 3, 173
List the prime factors of 25153.
25153
Lis